it of q(b)?
3
Let c = -8 + 5. Let q(i) = -i. What is the units digit of q(c)?
3
Let y(i) = i**2 + 5*i + 2. Let s be y(-4). Let c be ((-12)/10)/(s/10). Suppose o + 2*x = -x - 5, -4*o + c = -x. What is the units digit of o?
1
Let g = 224 + -113. Let y = g - 58. What is the tens digit of y?
5
Let h(l) = -l + 6. Let o be h(5). Let z = 4 + -2. Suppose -5 + o = -2*d - z*c, -4 = -4*d - 5*c. What is the units digit of d?
6
Suppose -2*g - n + 3*n + 20 = 0, -g - 5*n = 8. Let o(x) = 13*x - 9. Let k(j) = -3*j + 2. Let c(w) = -9*k(w) - 2*o(w). What is the units digit of c(g)?
7
Let f(c) = 3*c**2 - 5*c - 4. Let s be -1 - 1/((-1)/(-2)). What is the tens digit of f(s)?
3
Suppose -2*s + 310 = 3*s. Suppose -4*d = -6*d + s. What is the units digit of d?
1
Let a(g) = g**3 - 12*g**2 - 37*g - 10. What is the tens digit of a(15)?
1
Suppose z + 85 = f, 4*f = 2*f + 2. Let t = z - -126. What is the units digit of t?
2
Suppose -6 = -5*h + 3*h. Let q = 12 + h. What is the tens digit of (100/q)/(1/3)?
2
Let b = -2 + 5. Suppose b*j = 6 + 3. What is the units digit of j?
3
Suppose -3*y - h + 200 = 0, 3*y = -0*y + 4*h + 175. Suppose w + y = 6*w. What is the tens digit of w?
1
Suppose f = -5*g + 7, -3*f - 3*g = -8*g + 19. Let k be 219/9 - (-1)/f. Suppose -k = -h - 3*h. What is the units digit of h?
6
Let f(b) = -3*b**3 - 6*b**2 - 2*b + 3. Let y be f(-4). Suppose y = 4*n + p, 0 = 4*n - 3*p - 2*p - 89. What is the tens digit of n?
2
Let c = -15 - -3. What is the tens digit of 2/(-3)*810/c?
4
Suppose -6*k + 0*k = -144. What is the tens digit of k?
2
Let r(j) = -19*j - 2. What is the tens digit of r(-1)?
1
Let o be 2 + 0 + -7 + -1. Let m be (-268)/o - 4/6. Let q = m - 25. What is the units digit of q?
9
Let c(i) = i**3 + 7*i**2 - 8*i + 5. Let z be c(-8). Suppose -24 = -2*b + z*q - 3, b + 5*q = 18. What is the units digit of b?
3
Let s be 0 - 1 - (-3 + -1). Let c be ((-5)/(-4))/(3/12). Let k = s + c. What is the units digit of k?
8
Suppose w + 2*w + 36 = 0. What is the units digit of (w/5 - -2)*-5?
2
Let o be -1 + -3 + 0 + -3. Let i(f) = f**2 + 3*f - 10. What is the units digit of i(o)?
8
Suppose 0*g - 2*g + 44 = 2*u, 2*g = u + 50. What is the tens digit of g?
2
Let r(h) = -7*h - 2*h + 5*h**2 - 3*h**2. What is the tens digit of r(6)?
1
Let d be 3 + (1 - -1 - 1). Suppose 0 = -3*j - c + 48, -j - d*c = -3*j + 46. Suppose -5*k - j - 47 = -2*i, 2*i = 2*k + 52. What is the units digit of i?
2
What is the units digit of -13*(5 + -1)*(-6)/4?
8
Suppose s = -1 - 3. Let p(l) = l**3 + 3*l**2 + 2*l - 2. Let f(g) = g**3 + 3*g**2 + g - 2. Let q(c) = -6*f(c) + 5*p(c). What is the units digit of q(s)?
2
Let k = 136 + 88. What is the hundreds digit of k?
2
Suppose -2*x = 6, 0*x = 3*t + 5*x - 141. Suppose 0*j - j = -3*h - t, 4*j - 138 = -2*h. What is the tens digit of j?
3
Suppose 4*n - 4*m - 5 = 19, 26 = n + 3*m. Let h be (3 - n)*(1 - 2). What is the units digit of 6/(-4)*h/(-6)?
2
Let r(i) = -3*i - 10*i**2 + 3 - 1 - i**3 - 6*i + 9. What is the units digit of r(-9)?
1
Suppose 2*g = t + 1 + 7, 12 = 3*g - t. Suppose -g*q - 71 + 199 = 0. Suppose -q = -4*i - 0*i. What is the units digit of i?
8
Suppose -9 = m + 5. What is the units digit of (-91)/m + 6/4?
8
Suppose -3*b - 78 = -5*b. What is the units digit of b?
9
Let j(o) be the first derivative of o**2 - o - 1. Let q be j(3). Suppose q*m = -15, 7 = -4*k - m - 4*m. What is the units digit of k?
2
Suppose h - 149 = 3*x - x, 0 = -3*x - 15. What is the hundreds digit of h?
1
Let k = 4 + 20. Let u = k - 4. Suppose -s + 0 = 2*c - 2, -5*s - u = 0. What is the units digit of c?
3
Let m be -1 - (-48)/3 - 3. What is the units digit of (m/7)/(4/14)?
6
Suppose c + 13 = 32. Suppose -3*n = 7 - c. What is the units digit of (-2)/n*-4 + -1?
1
Let y be ((-120)/(-9))/((-1)/30). What is the tens digit of 4/(-18) + y/(-18)?
2
Let v(n) = -7*n**2 + 13*n + 11. Let h(s) = -15*s**2 + 27*s + 23. Let o(j) = 6*h(j) - 13*v(j). What is the tens digit of o(9)?
1
Suppose -z + 4*z + 19 = w, -3*w + 69 = -5*z. What is the units digit of w?
8
Suppose 3*m - 5*m - 52 = 0. Let f = 57 + m. Suppose -f - 39 = -5*w. What is the tens digit of w?
1
Let m be ((-28)/20 + 1)*-35. Suppose -9*i - 230 = -m*i. What is the tens digit of i?
4
Suppose -l - 2*q = -163 + 29, -5*q - 106 = -l. What is the units digit of l?
6
Let s be 2/(-5) - (-106)/(-10). Let n(u) = -u**2 + 14*u + 23. Let w be n(17). Let a = s - w. What is the units digit of a?
7
Let w be 1/(3/(78 - 0)). Suppose -13 = -5*j - a, j + 4*a + 7 = 2. What is the tens digit of (w/(-3))/((-2)/j)?
1
Let g(r) = -r**2 + r + 56. Let k be g(0). Let a be (k/(-35))/((-4)/10). Suppose 21 = 3*q + 3*m, 15 + 8 = a*q + 3*m. What is the units digit of q?
2
Suppose 0*z - 579 = -4*z + 3*h, 4*z - 549 = -3*h. What is the tens digit of z?
4
Let r = 15 - 7. Suppose 0*t = 2*t - 5*x + 14, 8 = t + 5*x. What is the units digit of -4*((-10)/r + t)?
3
Let v(l) = 2*l**3 + 11*l**2 + 10*l + 6. Let c(h) = h**3 - h**2 + h. Let t(j) = -c(j) + v(j). What is the tens digit of t(-11)?
2
Suppose 0 = i - 24 - 30. What is the units digit of i/8 - 18/24?
6
Let a = 21 + -21. Suppose c - 14 = -a*c. What is the tens digit of c?
1
Let p = 8 - 3. What is the units digit of p?
5
Let g(c) = -c - 2*c - 2 - 2. What is the tens digit of g(-6)?
1
Let n(q) = -q**3 - 4*q**2 - 3*q + 3. Let m be n(-3). Suppose -m = -3*a + 3. What is the units digit of a?
2
Suppose 2*z = 42 + 32. What is the units digit of z?
7
Suppose -v + 3 + 146 = 4*m, 4*v - 20 = 0. What is the tens digit of m?
3
Let r(p) = -3*p - 16. Let m(g) be the second derivative of -g**3/3 - 15*g**2/2 - 2*g. Let z(l) = 5*m(l) - 4*r(l). What is the units digit of z(8)?
5
Let c(x) = x - 6. Let a be c(6). Suppose 2*l + l - 12 = a. What is the units digit of l/14 - 52/(-14)?
4
Suppose -2*t - 6 = -z, 2*t + 12 = 3*z + 2. Suppose -5*l = 3*j - 61, 5*l - 2*j - 82 = z*j. Suppose 3*p = p + l. What is the units digit of p?
7
Suppose 5*p = -2*w + 296, 4*w + p - 568 = -3*p. Let c = w - 96. What is the units digit of c?
2
Suppose 0 = -2*n + 2. Let a(g) = 32*g**3 + 2*g**2 - 2*g + 1. What is the tens digit of a(n)?
3
Suppose 0 = g - 3*g + 4. Suppose 0 = g*r - 1 - 13. What is the units digit of r?
7
What is the units digit of 22*((-20)/4)/(-10)?
1
Suppose -86*i + 90*i = 48. What is the units digit of i?
2
Let w(s) = -s**2 - 4*s - 1. Suppose 2*d = d - 3. Let p be w(d). Let i = 5 - p. What is the units digit of i?
3
Let m(i) = -i**3 - 3*i**2 + 5*i + 4. Let p be m(-4). Let v be 1 + p + (-2)/(-1). Suppose -5*n = 2*t + 3*t - 80, -v*n = 2*t - 45. What is the units digit of n?
3
Let p be 2 - 1 - (0 + -2). Let l be (10/(-6))/(p/(-9)). Let k = l + 1. What is the units digit of k?
6
Suppose 3*q - 12 = q - 4*h, 4*q - 3*h = -31. Let k = 2 - q. What is the units digit of k?
6
Let t be (-1)/3 - 4/(-12). Suppose t = -0*h + 4*h - 88. Let n = h + -10. What is the units digit of n?
2
Let o = 11 - 6. Suppose o*a = a + 36. What is the units digit of a?
9
Let b(k) be the third derivative of k**7/5040 + k**6/144 - k**5/60 + 2*k**2. Let g(z) be the third derivative of b(z). What is the tens digit of g(7)?
1
Suppose 4*p + p - y = -5, 4*p = 2*y + 2. Let n be (4/p - -2) + -4. What is the units digit of 4/16 - 7/n?
2
Let x(o) be the first derivative of -o**2/2 - o + 3. Let y be x(-5). Let s(n) = n**3 - 5*n**2 + 6*n - 3. What is the units digit of s(y)?
5
Suppose -4*a = -181 + 37. What is the tens digit of a?
3
Suppose f = -5, -h + 2*f + 93 = -0*h. Let p = 117 - h. What is the units digit of p?
4
Suppose 2*n - 44 = 8. What is the tens digit of n?
2
Let j be 0/(-3 + 0) + 3. Let z(s) = -s**3 + 2*s**2 + 4*s. What is the units digit of z(j)?
3
Suppose 4*d - 9 - 23 = -h, 0 = 3*d + 6. What is the tens digit of h?
4
Let i = 70 - 124. Let r = -20 - i. What is the units digit of r?
4
Let c be 3/(2 + -1)*1. Suppose 13 + c = 4*d. Suppose -u = 2*m + u - 20, -4*m + 32 = -d*u. What is the units digit of m?
9
Let w be (-28 + -2)*-1 + 0. What is the units digit of (24/w)/((-4)/(-10))?
2
Suppose 108 = 5*d - 4*d. What is the hundreds digit of d?
1
Let k(d) = -3*d**3 + 2*d**2 - 1. Let b be k(1). What is the units digit of (b/(-5))/((-6)/(-90))?
6
Suppose -2*t - 8 = -0. Let c(m) = -m**2 - 3*m + 3. Let l be c(t). Let p = l + 3. What is the units digit of p?
2
Suppose -2*p = 3*p - 4*a - 3270, -4*a = -p +